{"id":52580,"date":"2023-06-14T14:40:58","date_gmt":"2023-06-14T17:40:58","guid":{"rendered":"https:\/\/maricatotal.com.br\/site\/wp-content\/uploads\/2023\/06\/Screenshot-2023-06-14-at-12-35-10-Preso-suspeito-de-manter-relacao-com-crianca-de-6-anos-em-Marica-Enfoco.png"},"modified":"2023-06-14T14:40:58","modified_gmt":"2023-06-14T17:40:58","slug":"screenshot-2023-06-14-at-12-35-10-preso-suspeito-de-manter-relacao-com-crianca-de-6-anos-em-marica-enfoco","status":"inherit","type":"attachment","link":"https:\/\/maricatotal.com.br\/site\/screenshot-2023-06-14-at-12-35-10-preso-suspeito-de-manter-relacao-com-crianca-de-6-anos-em-marica-enfoco\/","title":{"rendered":"Screenshot 2023-06-14 at 12-35-10 Preso suspeito de manter rela\u00e7\u00e3o com crian\u00e7a de 6 anos em Maric\u00e1 Enfoco"},"author":1,"featured_media":0,"comment_status":"open","ping_status":"closed","template":"","meta":{"colormag_page_container_layout":"default_layout","colormag_page_sidebar_layout":"default_layout"},"class_list":["post-52580","attachment","type-attachment","status-inherit","hentry"],"amp_enabled":true,"description":{"rendered":"<p class=\"attachment\"><a href='https:\/\/maricatotal.com.br\/site\/wp-content\/uploads\/2023\/06\/Screenshot-2023-06-14-at-12-35-10-Preso-suspeito-de-manter-relacao-com-crianca-de-6-anos-em-Marica-Enfoco.png'><img loading=\"lazy\" decoding=\"async\" width=\"300\" height=\"140\" src=\"https:\/\/maricatotal.com.br\/site\/wp-content\/uploads\/2023\/06\/Screenshot-2023-06-14-at-12-35-10-Preso-suspeito-de-manter-relacao-com-crianca-de-6-anos-em-Marica-Enfoco-300x140.png\" class=\"attachment-medium size-medium\" alt=\"\" srcset=\"https:\/\/maricatotal.com.br\/site\/wp-content\/uploads\/2023\/06\/Screenshot-2023-06-14-at-12-35-10-Preso-suspeito-de-manter-relacao-com-crianca-de-6-anos-em-Marica-Enfoco-300x140.png 300w, https:\/\/maricatotal.com.br\/site\/wp-content\/uploads\/2023\/06\/Screenshot-2023-06-14-at-12-35-10-Preso-suspeito-de-manter-relacao-com-crianca-de-6-anos-em-Marica-Enfoco-768x358.png 768w, https:\/\/maricatotal.com.br\/site\/wp-content\/uploads\/2023\/06\/Screenshot-2023-06-14-at-12-35-10-Preso-suspeito-de-manter-relacao-com-crianca-de-6-anos-em-Marica-Enfoco.png 839w\" sizes=\"auto, (max-width: 300px) 100vw, 300px\" \/><\/a><\/p>\n"},"caption":{"rendered":""},"alt_text":"","media_type":"image","mime_type":"image\/png","media_details":{"width":839,"height":391,"file":"2023\/06\/Screenshot-2023-06-14-at-12-35-10-Preso-suspeito-de-manter-relacao-com-crianca-de-6-anos-em-Marica-Enfoco.png","filesize":508124,"sizes":{"medium":{"file":"Screenshot-2023-06-14-at-12-35-10-Preso-suspeito-de-manter-relacao-com-crianca-de-6-anos-em-Marica-Enfoco-300x140.png","width":300,"height":140,"filesize":71462,"mime_type":"image\/png","source_url":"https:\/\/maricatotal.com.br\/site\/wp-content\/uploads\/2023\/06\/Screenshot-2023-06-14-at-12-35-10-Preso-suspeito-de-manter-relacao-com-crianca-de-6-anos-em-Marica-Enfoco-300x140.png"},"thumbnail":{"file":"Screenshot-2023-06-14-at-12-35-10-Preso-suspeito-de-manter-relacao-com-crianca-de-6-anos-em-Marica-Enfoco-150x150.png","width":150,"height":150,"filesize":40718,"mime_type":"image\/png","source_url":"https:\/\/maricatotal.com.br\/site\/wp-content\/uploads\/2023\/06\/Screenshot-2023-06-14-at-12-35-10-Preso-suspeito-de-manter-relacao-com-crianca-de-6-anos-em-Marica-Enfoco-150x150.png"},"medium_large":{"file":"Screenshot-2023-06-14-at-12-35-10-Preso-suspeito-de-manter-relacao-com-crianca-de-6-anos-em-Marica-Enfoco-768x358.png","width":768,"height":358,"filesize":342651,"mime_type":"image\/png","source_url":"https:\/\/maricatotal.com.br\/site\/wp-content\/uploads\/2023\/06\/Screenshot-2023-06-14-at-12-35-10-Preso-suspeito-de-manter-relacao-com-crianca-de-6-anos-em-Marica-Enfoco-768x358.png"},"colormag-highlighted-post":{"file":"Screenshot-2023-06-14-at-12-35-10-Preso-suspeito-de-manter-relacao-com-crianca-de-6-anos-em-Marica-Enfoco-392x272.png","width":392,"height":272,"filesize":153137,"mime_type":"image\/png","source_url":"https:\/\/maricatotal.com.br\/site\/wp-content\/uploads\/2023\/06\/Screenshot-2023-06-14-at-12-35-10-Preso-suspeito-de-manter-relacao-com-crianca-de-6-anos-em-Marica-Enfoco-392x272.png"},"colormag-featured-post-medium":{"file":"Screenshot-2023-06-14-at-12-35-10-Preso-suspeito-de-manter-relacao-com-crianca-de-6-anos-em-Marica-Enfoco-390x205.png","width":390,"height":205,"filesize":122257,"mime_type":"image\/png","source_url":"https:\/\/maricatotal.com.br\/site\/wp-content\/uploads\/2023\/06\/Screenshot-2023-06-14-at-12-35-10-Preso-suspeito-de-manter-relacao-com-crianca-de-6-anos-em-Marica-Enfoco-390x205.png"},"colormag-featured-post-small":{"file":"Screenshot-2023-06-14-at-12-35-10-Preso-suspeito-de-manter-relacao-com-crianca-de-6-anos-em-Marica-Enfoco-130x90.png","width":130,"height":90,"filesize":24206,"mime_type":"image\/png","source_url":"https:\/\/maricatotal.com.br\/site\/wp-content\/uploads\/2023\/06\/Screenshot-2023-06-14-at-12-35-10-Preso-suspeito-de-manter-relacao-com-crianca-de-6-anos-em-Marica-Enfoco-130x90.png"},"colormag-featured-image":{"file":"Screenshot-2023-06-14-at-12-35-10-Preso-suspeito-de-manter-relacao-com-crianca-de-6-anos-em-Marica-Enfoco-800x391.png","width":800,"height":391,"filesize":415721,"mime_type":"image\/png","source_url":"https:\/\/maricatotal.com.br\/site\/wp-content\/uploads\/2023\/06\/Screenshot-2023-06-14-at-12-35-10-Preso-suspeito-de-manter-relacao-com-crianca-de-6-anos-em-Marica-Enfoco-800x391.png"},"full":{"file":"Screenshot-2023-06-14-at-12-35-10-Preso-suspeito-de-manter-relacao-com-crianca-de-6-anos-em-Marica-Enfoco.png","width":839,"height":391,"mime_type":"image\/png","source_url":"https:\/\/maricatotal.com.br\/site\/wp-content\/uploads\/2023\/06\/Screenshot-2023-06-14-at-12-35-10-Preso-suspeito-de-manter-relacao-com-crianca-de-6-anos-em-Marica-Enfoco.png"}},"image_meta":{"aperture":"0","credit":"","camera":"","caption":"","created_timestamp":"0","copyright":"","focal_length":"0","iso":"0","shutter_speed":"0","title":"","orientation":"0","keywords":[]}},"post":null,"source_url":"https:\/\/maricatotal.com.br\/site\/wp-content\/uploads\/2023\/06\/Screenshot-2023-06-14-at-12-35-10-Preso-suspeito-de-manter-relacao-com-crianca-de-6-anos-em-Marica-Enfoco.png","_links":{"self":[{"href":"https:\/\/maricatotal.com.br\/site\/wp-json\/wp\/v2\/media\/52580","targetHints":{"allow":["GET"]}}],"collection":[{"href":"https:\/\/maricatotal.com.br\/site\/wp-json\/wp\/v2\/media"}],"about":[{"href":"https:\/\/maricatotal.com.br\/site\/wp-json\/wp\/v2\/types\/attachment"}],"author":[{"embeddable":true,"href":"https:\/\/maricatotal.com.br\/site\/wp-json\/wp\/v2\/users\/1"}],"replies":[{"embeddable":true,"href":"https:\/\/maricatotal.com.br\/site\/wp-json\/wp\/v2\/comments?post=52580"}]}}

Screenshot 2023-06-14 at 12-35-10 Preso suspeito de manter relação com criança de 6 anos em Maricá Enfoco
